{"id":601,"date":"2021-05-26T18:31:11","date_gmt":"2021-05-26T16:31:11","guid":{"rendered":"https:\/\/up-bla.be\/?page_id=601"},"modified":"2021-05-27T18:28:23","modified_gmt":"2021-05-27T16:28:23","slug":"z_-eucharistie","status":"publish","type":"page","link":"https:\/\/up-bla.be\/ophain-lillois\/z_-etapes-de-la-vie\/z_-eucharistie\/","title":{"rendered":"Eucharistie"},"content":{"rendered":"<h2><img loading=\"lazy\" decoding=\"async\" class=\"aligncenter wp-image-59 size-full\" src=\"http:\/\/up-bla.be\/wp-content\/old_ophain\/communion1.jpg\" alt=\"\" width=\"690\" height=\"450\"><\/h2>\n<h2>Eucharistie = action de gr\u00e2ce = communion<\/h2>\n<p style=\"text-align:justify\"><em>Eucharistie<\/em> vient d\u2019un mot grec qui signifie <em>action de gr\u00e2ce<\/em>&nbsp;: louange, action de gr\u00e2ce rendue \u00e0 Dieu. On d\u00e9signe plus particuli\u00e8rement par ce mot, chez les chr\u00e9tiens, l\u2019action de gr\u00e2ce de J\u00e9sus lors de la C\u00e8ne, dernier repas de J\u00e9sus avec ses disciples. Les chr\u00e9tiens se r\u00e9unissent pour c\u00e9l\u00e9brer J\u00e9sus mort et ressuscit\u00e9, pour associer \u00e0 sa vie nouvelle tous ceux qui y communient dans la foi.<\/p>\n<p style=\"text-align:justify\">L\u2019Eucharistie, troisi\u00e8me sacrement de l\u2019initiation chr\u00e9tienne, est le seul sacrement accompli par J\u00e9sus lui-m\u00eame. Elle a \u00e9t\u00e9 institu\u00e9e lors de la C\u00e8ne. Ce geste est particuli\u00e8rement comm\u00e9mor\u00e9 lors de la c\u00e9l\u00e9bration du Jeudi saint o\u00f9 le Christ s\u2019offre \u00e0 son P\u00e8re.<\/p>\n<p style=\"text-align:justify\">L\u2019Eucharistie structure la vie chr\u00e9tienne, elle la ponctue, elle est la respiration dans la vie spirituelle. C\u2019est une actualisation de la P\u00e2que et non pas sa r\u00e9p\u00e9tition ou son simple souvenir. L\u2019Eucharistie, ou la messe, est un rappel de la derni\u00e8re C\u00e8ne, de la mort et de la r\u00e9surrection de J\u00e9sus Christ.<\/p>\n<p style=\"text-align:justify\">Dans le Brabant wallon, la pr\u00e9paration des enfants \u00e0 l&rsquo;Eucharistie se fait selon un sch\u00e9ma dont vous trouverez une pr\u00e9sentation dans la vid\u00e9o ci-dessous.<\/p>\n<p>[youtube https:\/\/www.youtube.com\/watch?v=aiMcngjQ_ew&amp;w=560&amp;h=315]<\/p>\n<p style=\"text-align:justify\">De nombreuses pr\u00e9cisions sont disponibles sur le site du Vicariat, \u00e0 cette <a href=\"http:\/\/www.bwcatho.be\/-projet-de-catechese-d-initiation,126-.html\" target=\"_blank\" rel=\"noopener\">page<\/a> !<\/p>\n","protected":false},"excerpt":{"rendered":"<p>Eucharistie = action de gr\u00e2ce = communion Eucharistie vient d\u2019un mot grec qui signifie action de gr\u00e2ce&nbsp;: louange, action de gr\u00e2ce rendue \u00e0 Dieu. On d\u00e9signe plus particuli\u00e8rement par ce mot, chez les chr\u00e9tiens, l\u2019action de gr\u00e2ce de J\u00e9sus lors de la C\u00e8ne, dernier repas de J\u00e9sus avec ses disciples. Les chr\u00e9tiens se r\u00e9unissent pour&hellip; <a class=\"more-link\" href=\"https:\/\/up-bla.be\/ophain-lillois\/z_-etapes-de-la-vie\/z_-eucharistie\/\">Poursuivre la lecture <span class=\"screen-reader-text\">Eucharistie<\/span><\/a><\/p>\n","protected":false},"author":6,"featured_media":0,"parent":590,"menu_order":3,"comment_status":"closed","ping_status":"closed","template":"","meta":{"footnotes":""},"class_list":["post-601","page","type-page","status-publish","hentry","entry"],"_links":{"self":[{"href":"https:\/\/up-bla.be\/ophain-lillois\/wp-json\/wp\/v2\/pages\/601","targetHints":{"allow":["GET"]}}],"collection":[{"href":"https:\/\/up-bla.be\/ophain-lillois\/wp-json\/wp\/v2\/pages"}],"about":[{"href":"https:\/\/up-bla.be\/ophain-lillois\/wp-json\/wp\/v2\/types\/page"}],"author":[{"embeddable":true,"href":"https:\/\/up-bla.be\/ophain-lillois\/wp-json\/wp\/v2\/users\/6"}],"replies":[{"embeddable":true,"href":"https:\/\/up-bla.be\/ophain-lillois\/wp-json\/wp\/v2\/comments?post=601"}],"version-history":[{"count":1,"href":"https:\/\/up-bla.be\/ophain-lillois\/wp-json\/wp\/v2\/pages\/601\/revisions"}],"predecessor-version":[{"id":630,"href":"https:\/\/up-bla.be\/ophain-lillois\/wp-json\/wp\/v2\/pages\/601\/revisions\/630"}],"up":[{"embeddable":true,"href":"https:\/\/up-bla.be\/ophain-lillois\/wp-json\/wp\/v2\/pages\/590"}],"wp:attachment":[{"href":"https:\/\/up-bla.be\/ophain-lillois\/wp-json\/wp\/v2\/media?parent=601"}],"curies":[{"name":"wp","href":"https:\/\/api.w.org\/{rel}","templated":true}]}}